lue of 37 + (25 - 59) + 18?
21
(-14 - -18) + (6 - 9)
1
(2 + -4 - (49 - 59)) + 7
15
15 - (2 - (-4 - -1 - (-86 + 82)))
14
(-14 - (-9 - 10)) + -14
-9
Calculate (32 - 1) + -442 + 433.
22
Evaluate -9 + 7 + -3 + -19 + 5.
-19
Evaluate (8 - (12 + -1)) + (1 - 5) - -23.
16
Calculate (-6 - (-1 + -9)) + -144 + 139.
-1
Evaluate -11 - (23 - 47) - 22.
-9
Evaluate 16 + -3 + (4 - -21) + -9.
29
(1 + 45 - 0 - 9) + (-5 - -1)
33
What is the value of -31 - 1 - (169 - 182)?
-19
What is the value of -2 - (10 + (-6 - -1)) - (9 - 6)?
-10
What is the value of 6 + -3 - (4 - 0) - (-65 - -87)?
-23
What is the value of 2 + (2 - 7) + (-13 - -7) + -11?
-20
What is 1 - (-10 - (3 + -7) - -13)?
-6
-7 + -2 + 11 + (-24 - (2 + -6))
-18
What is the value of -3 + -5 + 0 + (6 - -5)?
3
-12 - (-3 + (-12 - -6))
-3
Calculate 19 + (3 - -1) + -31.
-8
(102 + -103 - ((-2 - 7) + 2)) + 3
9
Evaluate (17 - (27 - 18)) + -2.
6
Evaluate 10 - (8 + 11) - (18 + 1).
-28
What is (13 - 16) + 0 + 6 + -5 - -7?
5
Evaluate 21 - (16 + 8) - (-2 + (2 - 15)).
12
What is 25 - (27 - (2 + 8))?
8
(-6 - (1 - 4)) + -1
-4
What is the value of 5 - (-8 - (6 + -24))?
-5
Evaluate -42 - -12 - -27 - (-1 + 22).
-24
What is (-13 + 1 - (21 + -30)) + -16?
-19
What is the value of 74 + -61 - (-2 + 11)?
4
Evaluate -11 + (122 - 118 - (1 + -2)).
-6
What is 4 - -10 - 8 - 15 - -24?
15
What is (1 - -1) + 18 - (17 - (10 + -1))?
12
Evaluate -22 - (-15 + -1 + 15).
-21
What is the value of -171 + 170 - (2 + -4 - -12)?
-11
Calculate 8 + (-2 - (-3 - 0)) + -5.
4
(10 - 10) + 3 - -10
13
Calculate 22 + (-13 - -1) + (4 - -3 - -2).
19
Evaluate 18 - (-2 - (-26 - (-14 - -6))).
2
15 - 0 - (55 + -38)
-2
What is (10 + 0 - 13) + 17?
14
Calculate (2 + -6 - (4 - 2)) + 11.
5
0 - (-16 - -4) - (-1 + -7 - -37)
-17
Evaluate (42 - 19) + -35 + 10.
-2
Evaluate 1 - (-13 + -6 + -6) - (6 - 5).
25
What is 128 + -124 + -28 + (8 - (4 - 0))?
-20
Evaluate -30 - (-26 + 14) - -15.
-3
7 + 0 + 1 + -8 - 6
-6
What is the value of (-2 - (6 - 9)) + -5 + 25?
21
Calculate -50 + 56 - (2 + -1 + -1) - -7.
13
Calculate (0 - 0) + (-42 - (9 - 29)) - 3.
-25
What is the value of (-2 - -6) + (-26 - -7) + 29?
14
What is the value of 8 - (8 + -14 - (-8 - 1))?
5
21 + (48 - 16) + -38
15
4 + (-22 + 18 - (11 - 2))
-9
0 + -5 - (-2 + 0 + 2)
-5
Calculate (-1 - -2) + (0 - 7) + 10 + -6.
-2
Evaluate (17 - -1) + (-468 - -477).
27
-16 + (-9 - (-10 - 14))
-1
What is 17 + -1 + (9 + -20 - -2)?
7
Calculate -16 + (2 - 1) + (-8 - -6) + 9.
-8
What is the value of (5 - 7) + (-7 - (1 - 10))?
0
What is the value of 30 + -54 + (1 - (-4 + 3))?
-22
13 + (-6 + -11 - -8)
4
What is (-13 - (-14 - -6)) + 1 + -8?
-12
What is -25 - (-23 + (-22 - -32))?
-12
Evaluate (-204 - -181) + -3 + 8.
-18
What is the value of -1 + -3 - (-2 - (-9 - -5))?
-6
What is the value of -10 - 0 - (247 + -255) - -12?
10
Evaluate (1 - ((-5 - -3) + -3)) + (37 - 31).
12
What is the value of 68 - 73 - (3 + 3 + -46 + 10)?
25
What is the value of 4 + 2 - (-6 + -1 + 10)?
3
Calculate (6 + -1 - (-6 + -7 - -4)) + -3.
11
What is (-1 - -2 - (14 + -10)) + 3 + 10?
10
Evaluate -6 - -52 - (19 - -1).
26
Evaluate (-2 - 5) + (-12 - -17) + (5 - 3).
0
Calculate -2 - (-13 - (9 + -5 + -12)).
3
Calculate -45 + (36 - (-12 + 26)).
-23
Evaluate (-2 - -18) + -15 + -19 + -14.
-32
Evaluate 0 + -2 + (20 + -14 - 13 - -14).
5
Evaluate -106 - -108 - ((5 - -3) + (1 - -2)).
-9
Calculate 8 - (16 + (9 - 29)).
12
-3 + -6 + 0 + 8 + -2
-3
Evaluate 9 + -14 + -9 + 27.
13
Evaluate (6 - (82 + -15)) + 34.
-27
What is (-24 + 12 - -1) + -13 + (-1 - -3)?
-22
Evaluate 6 + -8 + 2 + 6.
6
What is 35 + (-25 - -54 - 60)?
4
Calculate (-21 - (-16 - -4)) + (-3 + 6 - -5).
-1
Calculate (-28 - (-26 + 12)) + (3 - 6) + 3.
-14
What is -538 + 549 - (18 - -2)?
-9
418 + -415 + -1 + -13
-11
(32 - (-28 + 32)) + -37
-9
What is (2 - (21 - 12)) + 4?
-3
What is -30 - (-8 - -4) - -11 - (1 - 3)?
-13
What is 1 + (-11 - -21) - 10?
1
-17 - (34 - 30) - -19
-2
What is the value of 2 + -17 + 2 + (-7 - -9 - 5)?
-16
What is (4 - (-1 + 3)) + (4 - (28 - 45))?
23
Evaluate (-2 - 6) + (85 - (-55 + 105)).
27
Evaluate -39 + 24 - (-15 - -5).
-5
What is the value of 19 + -19 + (6 - -14)?
20
What is 10 + 1 - (-264 + 270)?
5
-18 - ((-7 - -5) + -4)
-12
What is 8 + 8 + 35 + -27?
24
What is the value of -1 + 7 + -4 + (10 - 7)?
5
What is the value of -11 + -4 + 148 + -111?
22
Evaluate (1 + -2 - (10 - (16 - 10))) + 18.
13
What is 7 + 2 + -3 + 8 - 6?
8
What is 2 - ((-6 - (2 - -2) - -19) + -20)?
13
What is the value of -30 + -2 - (2 - 8) - (-11 - -2)?
-17
What is 136 + -154 - (-3 + -4)?
-11
Evaluate (3 - 39) + -2 + (618 - 602).
-22
What is the value of 0 + -3 - (-4 - 4)?
5
0 - ((-23 - -10) + 10 - -9)
-6
What is the value of 21 - -4 - (52 + -29)?
2
What is the value of 78 + -86 + (1 - (-6 - 2))?
1
What is (0 - (-12 + 19)) + -1 + -1?
-9
4 - (4 + 0 - -7 - 1) - -3
-3
Calculate (-25 + 12 - -25) + -16.
-4
What is -1 - (23 + -6) - -5?
-13
Evaluate (-8 - 0) + 2 + 0 - (27 + -34).
1
What is the value of (-40 - (-66 - -38)) + -15?
-27
Evaluate -17 - (3 - 13 - -23) - -6.
-24
Calculate (2 - (13 - (2 - 2))) + 9.
-2
Calculate -7 - (-1 + 1 + -10).
3
Calculate 12 + (-4 - (-7 + -5 + -4)).
24
What is 1 + -13 + -46 + 48 + -5?
-15
What is (46 + -74 - -23) + -5?
-10
What is the value of 0 + (0 + 4 - (11 - -2 - 6))?
-3
Calculate 10 - (-5 - (7 + -9) - 11).
24
What is the value of 5 - (-2 - (-1 - 3)) - -3 - 2?
4
What is the value of 1 + -5 - (5 + (9 - 6) + -7)?
-5
What is -19 - -28 - -24 - 17?
16
-17 - (8 - 23) - (-5 - -12 - -1)
-10
Evaluate 14 + -48 + 14 + 2 + (2 - 2).
-18
Calculate -1 + -9 + 5 + 3 - 4 - -6.
0
Calculate -15 + (6 - (10 + -6)).
-13
Calculate -6 - (-3 - (9 + 2 - 10)).
-2
What is -11 - -11 - (-6 - 6)?
12
30 + -5 - (6 + 59)
-40
What is the value of -16 + (49 - 48 - (0 - 5))?
-10
Evaluate -11 - (26 + -21) - -19.
3
Evaluate -13 + 0 - (-264 - -260).
-9
Calculate -96 - -59 - (1 - 1 - (-7 - -7)).
-37
What is the value of (9 + -1 - 2 - (-22 - -4)) + -8?
16
What is (15 - 7 - (-2 + -14)) + (-1 - -1)?
24
What is the value of 19 - (-13 + 13) - 26?
-7
Calculate -26 + 15 + 13 - (35 - (-2 - 2)).
-37
Evaluate 16 + -4 + -1 + -10.
1
What is -13 + 1 + 0 + (4 - 1 - 3)?
-12
Evaluate (7 - -25 - -1) + -33.
0
(-4 - (-1 - 6)) + (-24 - -14)
-7
Evaluate (80 - 13 - 62) + 0 + -18 + -1.
-14
What is the value of 117 + -110 - (20 - (-5 - (-2 + 0)))?
-16
Calculate 11 - (-5 + 7 - -33).
-24
-15 + 13 + 3 - -8
9
6 + 0 + (-3 - (6 + -1 + -9))
7
What is the value of -19 + 2 - (-81 + 15 - -28)?
21
Evaluate 9 - (12 + -4 + -5) - (2 - 0).
4
What is -1 + -9 + (20 - 0) + -21?
-11
What is 13 - (6 + 24 + -16)?
-1
What is (-27 - (-9 - 10)) + -1 + 0 + 1?
-8
Evaluate (-9 - (-19 + (1 - 6))) + -10.
5
Evaluate (29 - (-7 - -42)) + 27.
21
What is -11 + -9 + 12 + -12 + -2?
-22
-21 + 40 + -19 + 1 + 29
30
What is the value of -11 - (-9 - -23 - 21)?
-4
Calculate -9 + 10 - (4 - (1 - (-4 + -5))).
7
7 + 14 + -8 + -4 + (1 - 3)
7
-2 + 2 - ((0 - 10) + 8) - 15
-13
Calculate (6 - -1) + -13 + 0 - (-8 + -5).
7
Calculate -3 - (-6 - (-8 - -18)).
13
What is the value of -3 + -2 - (-2 + 11 + 3)?
-17
Calculate 10 + (-13 - (7 - 14)) + (-13 - 1).
-10
What is the value of -3 + (-9 - (-9 + 2 - (30 + -32)))?
-7
What is the value of 4 + -4 - 6 - (80 - 98)?
12
What is -6 + -22 + 38 - 36?
-26
Evaluate -12 + (15 - (4 + 0)) + -3.
-4
-19 + 5 + 15 + -4
-3
Calculate 4 + 36 - ((-1 + -3 - -25) + -10).
29
Calculate -65 + 68 - (0 + -5 - (-1 + -6)).
1
8 + -10 + -4 + 0 + (7 - 1)
0
0 + (-10 - -14) + 1 + -1 + 4
8
What is the value of (5 - (7 + 1)) + (-4 - 5) + 4?
-8
Calculate -106 + 94 + 4 + 2.
-6
13 + (0 - 4) + 23 + -37
-5
What is (1 - (-2 - 1)) + -13?
-9
Evaluate -16 + 2 + (4 - (0 + 1)) + 3.
-8
Evaluate (-8 - 10) + 1 + -2 + (65 - 60).
-14
What is 7 + (10 - 5 - 12)?
0
What is the value of -7 + -12 + (13 - 2)?
-8
What is 0 - -8 - ((-1 - 3) + (-2 - -3))?
11
What is the value of (-71 - -65 - (1 + -2)) + 4?
-1
Calculate 156 + -197 + (6 - -30).
-5
Calculate 23 + -14 + 10 + -3 - 14.
2
Calculate 26 + (-1 - 4 - (-118 - -117)).
22
Evaluate 3 - -1 - (159 + -165).
10
Evaluate (0 - 15 - (241 - 255)) + (6 - 1).
4
Evaluate -17 - (15 + -48) - 1.
15
What is the value of (77 - 64) + (13 + -2 - 0)?
24
What is the value of -7 + 1 + (4 - -15)?
13
What is -5 + 8 + (1 + -8 - -3) + -2?
-3
Calculate 14 + 7 + -21 - (-3 + 1 + 8).
-6
What is the value of -7 + (-13 - -3) 